?
11311052430
In base 12, what is aa00 - -528a?
1408a
In base 5, what is -232420130424 + 3?
-232420130421
In base 10, what is 14156 + -2?
14154
In base 5, what is -104230 - 3212322?
-3322102
In base 2, what is -100101000 - -1100111111011111100?
1100111110111010100
In base 8, what is 467 - 31060?
-30371
In base 3, what is 111110000202 - -200002?
111110200211
In base 12, what is ab227a0 - 0?
ab227a0
In base 10, what is -10900488 - 2?
-10900490
In base 8, what is 6213317316 + 0?
6213317316
In base 12, what is 1674a + -163?
165a7
In base 8, what is 51324 + 157?
51503
In base 9, what is 200 + -844232?
-844032
In base 5, what is -30203341 + 140?
-30203201
In base 6, what is 2155533302 - -4?
2155533310
In base 3, what is 210110221102222211 - 2?
210110221102222202
In base 14, what is -31a513 + -36a?
-31a87d
In base 9, what is -22 + -378187?
-378220
In base 11, what is 847a09 - 131?
847888
In base 9, what is 38 + -841553?
-841514
In base 3, what is -22 + -12020010120011?
-12020010120110
In base 13, what is -3676c - 821?
-37290
In base 3, what is 1122001 + 12121012?
21020020
In base 13, what is -3559 - -31?
-3528
In base 7, what is -6004465 - 0?
-6004465
In base 2, what is 100101 - -1011000100111101010110?
1011000100111101111011
In base 15, what is 8da8 - -a?
8db3
In base 13, what is 38 - 1245c7?
-12458c
In base 7, what is 0 - -21106035?
21106035
In base 10, what is -366937468 - 2?
-366937470
In base 8, what is -122547 - 1411?
-124160
In base 4, what is -133220 - -3213110?
3013230
In base 9, what is 5455 + -25872?
-20416
In base 2, what is 110000100000000011 - -101011000010?
110001001011000101
In base 9, what is 8 + -27140733?
-27140724
In base 6, what is 33 + 5503435?
5503512
In base 3, what is 1110110220101 + -1?
1110110220100
In base 11, what is 64 + -92820?
-92767
In base 3, what is -202120 + 1021202100?
1020222210
In base 9, what is 15504770 + 3?
15504773
In base 12, what is -5 - -441ab4a2?
441ab499
In base 14, what is -3213ca - 3?
-3213cd
In base 16, what is 536 - 7ef?
-2b9
In base 7, what is -62554 - 51?
-62635
In base 10, what is 401223622 - -1?
401223623
In base 15, what is -33700 - -7?
-336e8
In base 2, what is 10011111100101110 - -10011000010?
10100001111110000
In base 13, what is -45 + 150c066?
150c021
In base 5, what is -32331034341 - 0?
-32331034341
In base 14, what is d74 + -99a25?
-98a91
In base 11, what is -12155184 + 9?
-12155176
In base 6, what is -5 - 34044035220?
-34044035225
In base 15, what is 16a - 10c7?
-e5c
In base 10, what is -248651899 - -4?
-248651895
In base 2, what is 0 + -110000010101011111100?
-110000010101011111100
In base 16, what is -149649 + -5?
-14964e
In base 2, what is 101110000110101001011 - 101?
101110000110101000110
In base 12, what is 22b6 - -2b224?
3151a
In base 14, what is -cd + -12c5b9?
-12c6a8
In base 13, what is 11044 - -13a?
11181
In base 16, what is f1 - 29117?
-29026
In base 8, what is 145021 - -507?
145530
In base 4, what is 10 - -2122301011?
2122301021
In base 6, what is -13303004 - 20?
-13303024
In base 16, what is -5 + 4a3df73?
4a3df6e
In base 12, what is -2 + -577564?
-577566
In base 15, what is 4caba1 + 9?
4cabaa
In base 14, what is 1428610 + 6?
1428616
In base 12, what is -5 - -135787bb?
135787b6
In base 2, what is 11111001010000 + -10110000111?
11100011001001
In base 14, what is 1780b3 + -80?
178033
In base 11, what is 36755a + 6?
367565
In base 7, what is -5 - 461062630?
-461062635
In base 15, what is -362 - 0?
-362
In base 4, what is 22323112200113 + 0?
22323112200113
In base 3, what is -1112220112000222 - 10?
-1112220112001002
In base 14, what is 47cd4 - 142?
47b92
In base 8, what is 2 - 13275364?
-13275362
In base 12, what is -406217 - 5?
-406220
In base 14, what is 20b1 - -456aa?
4777b
In base 14, what is 5 - 419b4c?
-419b47
In base 16, what is -2 - -275ad0d?
275ad0b
In base 15, what is -238 - 1e06a?
-1e2a3
In base 16, what is -2 - -2e8d11?
2e8d0f
In base 13, what is -2686814 - -4?
-2686810
In base 5, what is 4 - 13014000014?
-13014000010
In base 14, what is 3 + 11099905?
11099908
In base 10, what is -18 - -1368982?
1368964
In base 11, what is -106 - -49838?
49732
In base 15, what is -5 + 2db5a6d?
2db5a68
In base 7, what is 20 - 154131235?
-154131215
In base 4, what is 20123 - 10100230?
-10020101
In base 5, what is -31 - -4422223?
4422142
In base 8, what is -273267 - 3646?
-277135
In base 13, what is -16b633 + 155?
-16b4ab
In base 15, what is -19699e + 3?
-19699b
In base 5, what is -11 - -44340340302?
44340340241
In base 7, what is 1465460614 - -4?
1465460621
In base 16, what is 11b9bc + 14?
11b9d0
In base 7, what is 64 - 1533401?
-1533304
In base 13, what is 5 - -a60901?
a60906
In base 14, what is -6db + -2a23?
-3320
In base 4, what is 1210 - -13120323220?
13120331030
In base 16, what is 1 + 330dd18?
330dd19
In base 16, what is -2 + -3e6891a?
-3e6891c
In base 12, what is 3 - -57b7452?
57b7455
In base 3, what is 11120221 + -2120102?
2000112
In base 8, what is -662 - 3017521?
-3020403
In base 8, what is 30 - 1274140?
-1274110
In base 9, what is 14 - 3821638?
-3821624
In base 8, what is 5225 - 161?
5044
In base 3, what is -21102 - -10220001?
10121122
In base 14, what is -1 - 2859484?
-2859485
In base 14, what is -2bb - 15c0?
-189b
In base 14, what is -94760930 + 3?
-9476092b
In base 9, what is -21260 + -1031?
-22301
In base 12, what is 42 - -117?
159
In base 7, what is -54251 + -4505?
-62056
In base 2, what is -101010 + 110100100000001011100?
110100100000000110010
In base 12, what is 3 - -1a8000?
1a8003
In base 3, what is 122020120 + 101101021?
1000121211
In base 7, what is 111 + 6641330?
6641441
In base 12, what is -121 - -19b371?
19b250
In base 9, what is -5586653 - -136?
-5586516
In base 3, what is -202 - 120012202101?
-120012210010
In base 5, what is 234423 - -43341?
333314
In base 2, what is -1001101110100000000111 + -111011?
-1001101110100001000010
In base 15, what is 2 + -5752e1?
-5752de
In base 9, what is -774 + -2034113?
-2034887
In base 6, what is -103 - -1043411324?
1043411221
In base 9, what is -46064 + -13027?
-60102
In base 15, what is -229058d - -5?
-2290588
In base 9, what is 1107875 - -7?
1107883
In base 9, what is 0 + 172842228?
172842228
In base 3, what is 1 - -11020001002220200?
11020001002220201
In base 14, what is -4ddc9 - -26?
-4dda3
In base 12, what is a - -779431?
77943b
In base 8, what is -34 - 23540725?
-23540761
In base 8, what is 71734 - -1662?
73616
In base 16, what is 1d46ef - -3?
1d46f2
In base 4, what is -31303233131 + 2210?
-31303230321
In base 6, what is -20 + 11222434?
11222414
In base 10, what is -4 + -7999384?
-7999388
In base 14, what is -3d + -276ac3?
-276b22
In base 16, what is -11942 + 82?
-118c0
In base 14, what is -9c + -77c271?
-77c32d
In base 16, what is -12df6bc + -1?
-12df6bd
In base 16, what is 284d14 - -45?
284d59
In base 10, what is 494 + 13398?
13892
In base 9, what is -601 - -113826?
113225
In base 10, what is -51 - -4027922?
4027871
In base 10, what is -249547 - -12?
-249535
In base 14, what is -2b76 + -49b3?
-7749
In base 9, what is 8548444 + 4?
8548448
In base 11, what is 1 - -15707a1?
15707a2
In base 15, what is -8475007 - -5?
-8475002
In base 2, what is 1010 + 11011110011111000110?
11011110011111010000
In base 9, what is 1073 - 51070?
-48886
In base 11, what is -4 - -11699443?
1169943a
In base 14, what is 2d - -1543a9?
1543d8
In base 10, what is -981147 - 2?
-981149
In base 11, what is 49679a6 - -17?
4967a12
In base 11, what is 121081 + 1276?
122347
In base 13, what is 78c6 - 10cc?
67c7
In base 11, what is -3 + -54928683?
-54928686
In base 3, what is 1002 + -2011112222211?
-2011112221202
In base 8, what is -1231 + 3443205?
3441754
In base 15, what is -6b - 644a3?
-6451e
In base 5, what is -3 - 2122001414?
-2122001422
In base 6, what is -55140543 + -2103?
-55143050
In base 11, what is -58076 + -1640?
-59706
In base 4, what is 103201200223 - -11?
103201200300
In base 6, what is 3 - -1313100512?
1313100515
In base 13, what is -a74a0c - 4?
-a74a13
In base 14, what is 28a066a + 24?
28a0690
In base 10, what is 2 - 93587000?
-93586998
In base 6, what is 13005230 + -3?
13005223
In base 4, what is -12 - 1213130002120?
-1213130002132
In base 13, what is 16 + 90b4289?
90b42a2
In base 11, what is 33916 - -8a?
339a5
In base 4, what is 2130301